 = q**3 - 2*q**2 + q + 67. Let n = 21 + -21. Calculate the remainder when f(n) is divided by u(6).
13
Let t(v) = -2*v**3 + 19*v**2 + 47*v - 55. Suppose 5*j = -0*j + 95. What is the remainder when t(-3) is divided by j?
10
Let h(r) = -r**3 + 2*r**2 + 7*r + 4. Let n(b) = b + 13. Calculate the remainder when n(9) is divided by h(-2).
4
Suppose 0 = -42*v - 77 + 2219. Calculate the remainder when 185 is divided by v.
32
Suppose 108 = 5*j - j. Let t = 239 - 159. What is the remainder when t is divided by j?
26
What is the remainder when 6291 is divided by (2*434/140)/(1/5)?
29
Let s = -2 - -5. Suppose -13 + 77 = 3*q - 5*v, q + 2*v = -8. Calculate the remainder when (s - 0)/((-3)/(-21)) is divided by q.
5
Let u(b) = 61*b**2 + 1. What is the remainder when u(-1) is divided by (28/((-6)/3))/((-436)/872)?
6
Let y(s) = -s**3 + 38*s**2 - 7*s + 170. Let d be y(38). Calculate the remainder when (1/(-2)*23)/(8/d) is divided by 75.
63
Let z(m) = m**3 - 4*m**2 - 2*m + 6. Let d be z(5). Suppose d = 12*r - 9*r. What is the remainder when (2/(-4) + 0)*-92 is divided by r?
4
Let k be ((-75)/(-10) - -6)*(-22)/(-3). Suppose -3*m = 2*b + b - 18, -2*m - 5*b = 0. Suppose -m*v + v = -k. Calculate the remainder when 43 is divided by v.
10
Let r = 33955 + -28553. Calculate the remainder when r is divided by 115.
112
Let c be 3 - (-3)/6*(156 - -2). Suppose g + 21 = 3*i, 0*i = 2*g + 4*i + c. Let b = -25 - g. What is the remainder when 20 is divided by b?
4
Let f(z) = 2*z**2 - 40*z - 386. What is the remainder when 298 is divided by f(-8)?
50
Let k = -327 + 357. What is the remainder when (6/3 + -1)*42 is divided by k?
12
Suppose 4*g - 243 + 31 = 0. Let i = 1102 - 1081. Calculate the remainder when g is divided by i.
11
What is the remainder when 132 is divided by (((-2)/8)/(12/3408))/(4 + -5)?
61
Let c = -4536 - -5339. What is the remainder when c is divided by 35?
33
Suppose -z - o - 8 = 0, -3*o + 7*o = 4*z. Let s = 0 + 5. Calculate the remainder when (-46)/z - (-30)/20 is divided by s.
3
Let d = 5898 - 5880. Calculate the remainder when 858 is divided by d.
12
Let h(z) = -16*z + 33. Let l be -8*(15/(-5))/(-6). What is the remainder when h(l) is divided by 87?
10
Let x be 863/5 + 6/15 - -2. Let o = 284 - x. Suppose -5*d = -2*m - 117, 3*d + 22 = -3*m + o. What is the remainder when 93 is divided by d?
18
Let y(w) be the first derivative of 10*w**3/3 - w**2 - w - 115. What is the remainder when y(3) is divided by 22?
17
Let x be 10/4*(-6 + 14). Suppose -x*u + 99 = -321. Calculate the remainder when 51 is divided by u.
9
Let f(p) = 377*p**2 - 2583*p - 5. Calculate the remainder when f(7) is divided by 39.
36
Suppose 2*r - 192 = 592. Calculate the remainder when r is divided by 133.
126
Suppose 0 = y + 44 + 31. Let g = 1809 - 1542. Calculate the remainder when g is divided by (0 + 9)/((-15)/y).
42
Suppose 955*g - 951*g + 2028 = 0. Let h = 568 + g. Calculate the remainder when h is divided by 39.
22
Let f be ((-15)/4)/((-32)/256). Suppose -455 = -f*d + 25*d. Calculate the remainder when 544 is divided by d.
89
What is the remainder when 2471 is divided by 100 - (8/1 - 749/107)?
95
Suppose 0 = o + d, -d + 3 = 4*o - 0. What is the remainder when 13 is divided by 75/(-6)*-6*o/15?
3
Let r = -33 + 105. Let z = 93 - r. Calculate the remainder when 58 is divided by z.
16
Let n(p) = 6*p - 20. Let m be n(5). Suppose -16 = 9*w - m*w. Suppose w = 2*z - 46. What is the remainder when 185 is divided by z?
30
Let h(i) = -5*i - 88. Let s be h(-9). Calculate the remainder when 84 is divided by (-1 - -3)*s/(-2).
41
Let n(f) = 13*f - 62. Let d = -358 - -367. Calculate the remainder when 161 is divided by n(d).
51
Suppose 5*c - 135 = -5*p - 0*p, 0 = 3*c - 5*p - 41. Let z = -699 - -704. Calculate the remainder when (6/(-9))/((20/(-234))/z) is divided by c.
17
Let c(h) = -h + 2. Let o(f) = -284*f - 13. Let v(p) = -6*c(p) - o(p). Calculate the remainder when v(1) is divided by 49.
46
Let r = 129 - 76. Let y(i) = -4*i**2 + 102*i - 20. Calculate the remainder when y(19) is divided by r.
50
Let w = -127 + 220. Let z = w - 48. Let m = -41 + z. Calculate the remainder when 13 is divided by m.
1
Let u be ((-50)/200)/(1/4). Suppose -134 = -4*z + 3*l, -5*l + 61 = 3*z - 25. What is the remainder when z is divided by 4/(12/9) + (16 - u)?
12
Let y(k) = -24*k - 762. What is the remainder when y(-36) is divided by 57?
45
What is the remainder when 1152 is divided by (-135)/(-180)*(-56)/(-2)?
18
Suppose -l + 12 = 3*l. Let w be -5*(-2 + (-72)/10). Let m = w - l. Calculate the remainder when m is divided by 15.
13
What is the remainder when 438 is divided by ((-352)/14)/16*-14?
20
Suppose 3*x + 3 = 4*y - 0, -2*y + 3 = -x. Let m(o) = o**3 - 53*o**2 - 57*o + 165. Suppose -11*i + 470 = -124. Calculate the remainder when m(i) is divided by x.
0
Suppose -275*y - 105516 + 581816 = 0. Calculate the remainder when y is divided by 17.
15
Let v = 3904 + -3812. Calculate the remainder when 2/((-2)/1835*(8 - 13)) is divided by v.
91
Suppose 4*j - 100 = -5*s, 68*s + 75 = 3*j + 69*s. Let o = 32 + 316. What is the remainder when o is divided by j?
23
Let k(g) = g**3 - 6*g**2 - 14*g + 11. Suppose -b - 18 = -3*b. Suppose 100*u - 572 = 78*u. What is the remainder when k(b) is divided by u?
24
Let h(l) = -6*l**3 - 11*l**3 - 5*l**2 + 25*l**3 + 39 - 4*l**3 - 2*l**3 - 8*l. What is the remainder when h(6) is divided by 80?
3
Let d(y) = -35*y + 1172. What is the remainder when 76 is divided by d(33)?
8
Let o(u) = -49*u - 1835. What is the remainder when o(-54) is divided by 39?
31
Suppose -4*d - x = -198 + 9, 4*x = -4*d + 204. Suppose 0 = -l - 7*s + 4*s + d, 50 = l + 5*s. Calculate the remainder when l is divided by 26.
14
Let l = 7 + 17. Suppose -11*g - 24*g + 1040 + 1970 = 0. What is the remainder when g is divided by l?
14
Calculate the remainder when 10530/6 + 204/60 + (-2)/5 is divided by 32.
30
Suppose 4*x - 4 = 0, -9*a - 2*x - 143 = -14*a. Suppose -34*g = -a*g - 505. Calculate the remainder when g is divided by 29.
14
Suppose -12*a = -21 + 57. Let f(w) = -5*w - 10. Let y(t) = -1. Let s(r) = f(r) - 4*y(r). Calculate the remainder when 34 is divided by s(a).
7
Let v(j) = 26*j**2 - 70*j - 71. What is the remainder when 1191 is divided by v(-1)?
16
Let p(g) = 1742*g**2 + 383*g + 1143. Calculate the remainder when p(-3) is divided by 15.
12
Let a be (2*(52 - 5))/1. Let n = a + -60. Let h = 437 + -270. What is the remainder when h is divided by n?
31
Let y = -5899 + 5955. What is the remainder when 65 is divided by y?
9
Suppose 3*n - 7*o = -2*o + 45, -4*o - 8 = -n. Let l = 8885 + -8823. What is the remainder when l is divided by n?
2
Let i = 1429 - 1389. Calculate the remainder when 282 is divided by i.
2
Let h = -632 + 432. Let w = 231 + h. Let r = -11 - -22. What is the remainder when w is divided by r?
9
Let m = -19 - -32. Let z be 135/(-125) - ((-104)/50 + 2). What is the remainder when 35 is divided by m + 2/(-2)*(z - -1)?
9
Let m(f) = 4*f**3 - 9 + 11 - 3*f - 4*f**2 + 7*f**2. Let y be m(3). Suppose t = u + 19 + 38, 0 = -2*t - 5*u + y. What is the remainder when t is divided by 12?
11
Let z(i) = -i**2 - 16*i + 10. What is the remainder when (-14)/21*1286/(-4) - 26/(-39) is divided by z(-8)?
67
Let b(k) be the third derivative of k**5/60 + 9*k**4/8 + 41*k**3/2 + 129*k**2. What is the remainder when 114 is divided by b(-22)?
10
Let z = 5826 + 7529. Calculate the remainder when z is divided by 106.
105
Let g be 99/((81/8490)/9). Calculate the remainder when 2/16 + (g/48)/11 is divided by 20.
17
Let f = 18 - 46. Let y be (66/8)/((-153)/(-816)). Let x = y + f. What is the remainder when x is divided by 4?
0
Let y(s) = -6*s + 30. Let x(j) = -j**2 - 2. Let h be x(2). Let r(b) = b - 6. Let q(k) = h*y(k) - 28*r(k). Calculate the remainder when 69 is divided by q(6).
33
Calculate the remainder when 11184 is divided by (154*17/595*30/4)/1.
30
Let n(r) = -r**3 - 2*r - 2. Let j(x) = -32*x**3 - 3*x**2 + 13*x + 22. Let u(d) = j(d) + 5*n(d). What is the remainder when u(-2) is divided by 74?
68
Suppose 476 = 4*q - 4*r, 190*q - 186*q - 524 = -2*r. Let f(m) = 17*m + 2. Calculate the remainder when q is divided by f(2).
19
Let i = -11 - 1. Let t(a) = 3 - 17 + 155*a + a**2 - 145*a - 1. What is the remainder when t(i) is divided by 5?
4
Let i(u) = -